 6*m**2 - 6*m - 1. Determine s(z).
-6
Let d(a) = -2*a**2 - 3*a + 4. Let o be d(-3). Let k(h) = h**3 + 5*h**2 + 2*h + 7. What is k(o)?
-3
Suppose -6*l + 3*l = 15. Let i(b) = -b**3 - 6*b**2 - 3*b + 3. Determine i(l).
-7
Let d(q) = 3 - 2*q - 4 + 3*q - 2*q**2. Suppose -10*m + 4*m + 6 = 0. Give d(m).
-2
Suppose -2*v - 7*w + 2*w + 9 = 0, 4*v + 3*w = 11. Let u(g) = -4*g**2 - 4*g + 1 + v*g + g + 3*g**2. Let x(l) = l**3 - 2*l + 1. Let k be x(1). Determine u(k).
1
Let a = -20 - -21. Let r(z) = 3*z**3 - 2*z + 1. What is r(a)?
2
Let p(v) = -v + 9. Let m(h) = -2*h + 14. Let g(f) = -2*f + 15. Let n(b) = 3*g(b) - 2*m(b). Let s(j) = 6*n(j) - 11*p(j). Give s(-3).
6
Let j(n) be the third derivative of -n**4/24 - n**3 + 2*n**2. Give j(-10).
4
Let a = 4 + 1. Let o(h) = -3*h + a*h - 5*h - 5 - 1. Give o(-4).
6
Let a(o) = o - 4. Let k be a(11). Suppose -4*h - 21 = -k*h. Let j(d) = -d**3 + 8*d**2 - 7*d - 8. Calculate j(h).
-8
Let a(j) be the third derivative of 0*j + 1/15*j**5 + 1/12*j**4 + 1/6*j**3 - 2*j**2 + 0 + 1/120*j**6. Calculate a(-2).
5
Let a(p) be the second derivative of -p**3/3 + 4*p**2 - 3*p. Calculate a(6).
-4
Let u(b) = 4 + 5*b - b - b**3 - 5*b**2 + 2*b. Let n(i) = -i**2 - i + 5. Let t be n(0). Suppose v + v = -m, 39 = -4*m + t*v. Give u(m).
4
Let h(i) = -4*i - 1. Let m be 7/(245/(-28))*-5*1. What is h(m)?
-17
Let n(i) be the first derivative of -3 + 7/20*i**5 + i - 1/12*i**4 + 1/2*i**2 + 0*i**3. Let m(q) be the first derivative of n(q). Calculate m(1).
7
Suppose 5*n = -2*r + 9, -r - 5*n - 3 = -15. Let u(y) = y - 3. What is u(r)?
-6
Let p(v) = 3 + 2*v**2 - 2*v + 1 + 1 - 2 - v**3. Calculate p(3).
-12
Let u(j) = 9*j + j**3 - 5 - j**2 - 4 - 2*j**2 - 5*j**2. What is u(7)?
5
Let l(g) be the first derivative of 3*g - 1/2*g**2 + 1/3*g**3 - 3. Calculate l(0).
3
Let k(s) = -2*s - 4. Let l(n) = 5*n + 13. Let x(j) = 11*k(j) + 4*l(j). Calculate x(6).
-4
Let l(x) be the third derivative of x**6/120 + x**5/10 - x**4/3 - x**3/3 + 12*x**2. Give l(-7).
5
Let c(n) be the second derivative of -n**4/12 - 2*n**3/3 + n**2/2 - 2*n. Give c(-5).
-4
Suppose 4 - 1 = g. Let k(c) = -2 + g + 4 - c - 1. Determine k(-5).
9
Let p(j) = 5*j**2 - 3 + 101*j**3 + 4 - 102*j**3 + 1. What is p(5)?
2
Let t(n) = -6 - 7*n + 147*n**2 - 71*n**2 - 75*n**2. Determine t(6).
-12
Let c be 3/((-3)/4) + (-5 - -1). Let z(m) = m**3 + 7*m**2 - 10*m - 9. What is z(c)?
7
Let z(n) = -16*n - 11. Let q(v) = 3*v + 2. Suppose -4*o + 2 = -6*o - 2*k, 1 = 5*o + 3*k. Let h(j) = o*z(j) + 11*q(j). Determine h(2).
2
Let m(q) = q. Suppose 2*g + 7 = 4*g + 5*h, 5*h - 15 = 0. Determine m(g).
-4
Let u(v) be the first derivative of -v**4/6 + v**3/6 - v**2/2 - 4*v + 1. Let m(n) be the first derivative of u(n). Calculate m(2).
-7
Let m(h) = -3*h**2 - 6*h + 4*h**2 + 0 - 1 + 0. Give m(6).
-1
Let j(t) = 1. Let g(b) = -5*b - 5. Let w(v) = g(v) + 3*j(v). Calculate w(-2).
8
Let d(f) be the third derivative of -f**4/24 + f**3/3 + 55*f**2. Determine d(8).
-6
Let o(d) = -d**2. Suppose 0*u - 4 = 4*u. Let x(s) = 7*s**2 + 3*s + 4. Let b(g) = u*x(g) - 6*o(g). What is b(-3)?
-4
Suppose 6 = -2*w, -4*r = -2*r + 5*w + 5. Let n(z) = 13*z + r*z + 0 - 5*z - 1. Calculate n(-1).
-14
Let k(z) = -3*z**3 + 5*z**2 - z + 3. Let x(l) = 8*l**3 - 15*l**2 + 2*l - 8. Let a(m) = -11*k(m) - 4*x(m). What is a(-5)?
-16
Let k(j) = -2*j + 3. Suppose -3*r - 2*d + 19 = 0, -5*d + 7 = -2*r - 12. Calculate k(r).
-3
Let k(v) = v**3 - 2*v**3 - 18*v - 5 - 4*v**2 + 20*v. Let r(z) = -z**3 - 6*z**2 + 3*z - 8. Let g(s) = 8*k(s) - 5*r(s). Determine g(1).
-4
Let b(s) = s**3 - 3*s**2 - 5*s + 3. Let y(a) = -a**2 - 10*a + 15. Let n be y(-11). Give b(n).
-1
Let r(k) = k - 7. Let i = 32 + -25. Give r(i).
0
Let x(n) = -n**3 + 2*n**2 + 4*n - 3. Let d be x(3). Suppose d*w - 4 = -4*w. Let l(a) = a**3 + 2*a**2 - 2*a + 1. Calculate l(w).
2
Let g(u) = u - 10. Let r be g(14). Suppose 0 = -k - 2*k. Let m(p) = -3*p + p**2 + 2 + k + 1. Give m(r).
7
Let v(u) = -u + 4. Let q = 24 - 19. Calculate v(q).
-1
Suppose -2*o = 3*z + z - 24, 4*o = -3*z + 38. Let c(k) = 2*k - 10. Calculate c(o).
6
Let r = 0 - 2. Let h(d) = -d**3 + 7 - 3 - 7 + 2. Calculate h(r).
7
Let p(j) = 9*j**2 - 3 - 4 - 1 - j + j**3. Let k be p(-9). Let q(i) = i**2 - 5*i - k - 2*i + 9*i. Give q(2).
7
Suppose 0*x - 10 = 2*x. Let p(j) = -j**3 - 4*j**2 + 5*j + 2. Let m be p(x). Let r(z) = -z**3 + 6*z + 3*z**2 - z + m*z - 6. Calculate r(4).
6
Suppose 0 = 3*s + 4*j + 29, -2*s + s - j - 8 = 0. Let c(u) = u**2 + 4*u + 1. Let q be c(s). Let p(o) = -o + 1. Calculate p(q).
3
Let l(k) = -4*k - 2 + 6 - 1. Let v(m) = 9*m - 7. Let z(p) = -7*l(p) - 3*v(p). Calculate z(-5).
-5
Suppose -8 = -2*j - 0*j. Suppose 0 = -0*u + j*u. Let y(r) = -r**2 + 12. What is y(u)?
12
Suppose -2*d = 3*d - 2*s - 40, 1 = -4*d - 5*s. Let v(j) = -d - 2*j - 2*j + 6*j. Give v(6).
6
Let g(y) = y + 8. Let s(t) = t**2 - 4*t - 1. Let w = -7 + 12. Let v be s(w). Suppose 6 + v = -2*a. Determine g(a).
3
Let l(h) = -10*h**3 + 28*h**2 + 9*h - 37. Let m(j) = -7*j**3 + 19*j**2 + 6*j - 25. Let b(g) = 5*l(g) - 7*m(g). Determine b(7).
11
Let g(i) = i - 6. Let d be g(7). Suppose -z + d + 3 = 0. Let s(l) = -l - 1. Give s(z).
-5
Let n(f) = -2*f. Let p(z) = 10*z. Let i(s) = -9*n(s) - 2*p(s). What is i(-4)?
8
Suppose 0*a = a + 6. Let w(i) = -i**2 + i - 1. Let y(u) = u**3 + 13*u**2 + u + 14. Let k(l) = a*w(l) - y(l). Calculate k(-6).
-2
Let k(z) = -z. Let l be k(-5). Let w(g) be the third derivative of -1/60*g**5 - 8*g**2 + 0 + 0*g - 7/6*g**3 + 1/4*g**4. Calculate w(l).
-2
Let c be (12/14)/(2/(-14)). Let p = -3 - c. Let f(z) = 4*z + 0*z**3 - 1 - 3*z**3 + 4*z**3 - 244*z**2 + 240*z**2. Determine f(p).
2
Let d(t) = -8*t + 3 - 4 - 1 + 1. What is d(-1)?
7
Let r(c) be the first derivative of 5 + 8*c + 1/2*c**2. Calculate r(-6).
2
Let k(w) be the first derivative of 1/4*w**4 - 7 - 7/3*w**3 + 2*w**2 + 8*w. Calculate k(6).
-4
Let m(g) = -g + 4. Let v(x) = 2*x + 7. Let o be v(-8). Let i = -7 - -3. Let c = o - i. Determine m(c).
9
Let v = -11 + 17. Suppose 3*n - v*x = -2*x - 3, -n + 4*x - 9 = 0. Let p(g) = 2 + n - 4 - g. Calculate p(-5).
6
Let k = -8 - -24. Suppose 5*q - 4 = k. Let o(z) = -2*z - 2. What is o(q)?
-10
Let d = 9 - 5. Suppose -5*p + 3 = -2*p + d*s, -4 = -4*p - 4*s. Let j = p - 3. Let x(l) = l**2. Determine x(j).
4
Let p(v) = v**2 - 5*v + 2. Let c = 52 - 48. Determine p(c).
-2
Let y(s) be the first derivative of 3*s**2/2 + s - 1. Suppose -11*b - 17 - 5 = 0. What is y(b)?
-5
Let u(h) be the first derivative of -h**4/6 - h**2 - 3. Let y(w) be the second derivative of u(w). Calculate y(1).
-4
Let k(j) = j + 9. Suppose 18 = -5*y - 12. Give k(y).
3
Let a(z) be the first derivative of -z**5/20 + z**4/6 - z**3/6 + z**2 + 3*z + 4. Let s(l) be the first derivative of a(l). Give s(2).
0
Let r(p) be the first derivative of p**2/2 - p + 3. Suppose x - 7 + 1 = 0. What is r(x)?
5
Let k(o) = o**2 - 8*o + 7. Let j = -12 + 30. Let i = 41 + -28. Let y = j - i. What is k(y)?
-8
Let v(o) = -o - 11. Suppose -2 = -2*i - 2*t, -1 = -t - 0. Determine v(i).
-11
Let x(z) = -59*z**2 - 3 + 57*z**2 + 2*z + 13*z. Let v be x(7). Let j(q) = q**2 + q - 1. Let r(s) = -4*s**2 + 3*s + 4. Let c(m) = 2*j(m) + r(m). Give c(v).
-10
Let s(u) = u**2 + u + 1. Let j = 4 - 0. Suppose j = -3*x - 2. Determine s(x).
3
Let m(y) = -5*y**2 - 8*y - 1. Let x(s) = -6*s**2 - 9*s - 1. Let c(h) = 5*m(h) - 4*x(h). Determine c(-6).
-13
Let q be 4 + ((-4)/(-2) - 1). Let g(n) = n**3 - 5*n**2 + 5*n - 10. Let a = -26 + 21. Let m(p) = -p**3 + 5*p**2 - 4*p + 9. Let k(d) = a*g(d) - 6*m(d). Give k(q).
-9
Let c(j) be the third derivative of -j**6/360 - j**5/24 + j**4/12 + 5*j**3/6 + 4*j**2. Let b(m) be the first derivative of c(m). Give b(-5).
2
Let a(c) be the third derivative of -c**6/120 - c**5/60 - c**4/24 - c**3/3 - 5*c**2. Give a(-2).
4
Let b(j) = -3*j - 9. Let i be (-387)/(-36) - (-2)/8. Let a(f) = 8*f + 26. Let k(y) = i*b(y) + 4*a(y). Calculate k(6).
-1
Let f(m) = -m**3 + 2*m**2 + m + 1. Suppose 4*p + 2 = x, 3*x - 2 = 3*p + 4. Suppose x*l - 9 = -l. What is f(l)?
-5
Let f(w) = -6*w - 2. Let y(c) = c**2 - 11*c - 2. Let d be y(11). Calculate f(d).
10
Let a(z) = -1 + 0*z**3 - 3*z + 4*z**3 + 3*z**2 - 3*z**3. Let d be 12/15*5*-1. Give a(d).
-5
Let k(d) = -d**3 - 3*d**2 + 2*d - 1. Let l(a) = 2*a - 30. Let f be l(13). Calculate k(f).
7
Let l(i) = i**2 + i + 2. 